-10)/(-80)).
10
Let d be 0 - ((-28)/14 - (0 - 0)). Suppose 52 = 3*c + d*v, -4*c = -3*c + v - 18. Calculate the remainder when 43 is divided by c.
11
What is the remainder when 429 - ((-4)/(-10))/(4/(-40)) is divided by 19?
15
Let d(c) = -123*c - 1. Suppose 0 = 10*v - 325 + 15. Calculate the remainder when d(-1) is divided by v.
29
Suppose 0 = -4*k + 5*k - 1. What is the remainder when ((-495)/44)/(k/(-4)) is divided by 16?
13
Let m(w) = -w**2 + 10*w - 12. Let o be m(9). Calculate the remainder when 38 - (4 + o)/(-1) is divided by 2 + -2 + 1 + 20.
18
Let c be 1128/14 - 12/21. Let s = c - 62. Calculate the remainder when 34 is divided by s.
16
Let x = 8 - 32. Let d be (x/(-10))/((-9)/(-30)). Let f = 14 - d. Calculate the remainder when 10 is divided by f.
4
Let y(p) be the second derivative of -p**3/2 - p**2/2 - 8*p. What is the remainder when (-4)/12 + (-80)/(-6) is divided by y(-2)?
3
Suppose 2*j = -j + 36. Calculate the remainder when j is divided by (3 - -1) + 64/8 + -7.
2
What is the remainder when 89 is divided by (1 + -7)*-2 - -1?
11
What is the remainder when 20 is divided by 5/(-3)*900/(-250)?
2
Let x(q) = -q**3 + 3*q**2 + 6*q - 4. Suppose -340 = 44*o - 78*o. What is the remainder when o is divided by x(4)?
2
Let z = -3 - -13. Let b = 16 + -10. Calculate the remainder when 32 is divided by (b/(-3))/(z/(-85)).
15
Let u = -1 + 3. Suppose 2*q + 5*c + 182 = 5*q, u*q - 3*c = 123. Suppose 10 + 26 = 2*w. Calculate the remainder when q is divided by w.
15
Let n be (-526)/(-11) - 52/(-286). Suppose -51 = -8*i + 4*i + 5*g, 4*g + n = 4*i. What is the remainder when (-5)/(1/(-3) - 0) is divided by i?
6
Let o(t) = -t**3 + 2*t**2 + 49. Let u be o(0). Let z = u + -42. Calculate the remainder when 18 is divided by z.
4
Suppose -3*g - w = -23, 3*g + 2*w = 3*w + 31. Suppose 3*d = g, 3*v - 2*d = 38 + 37. Calculate the remainder when 105 is divided by v.
24
Suppose -64 = x - 6*x - 2*r, 4*x = -2*r + 52. Suppose 0 = -t + 14 + x. Suppose 5*j - j = 56. What is the remainder when t is divided by j?
12
Suppose 4*i + 5*i = 1242. Calculate the remainder when i is divided by 134.
4
Suppose -s - 643 = -q + 4*s, -q = 5*s - 673. What is the remainder when q is divided by 66?
64
What is the remainder when 99 is divided by (-322)/69*((-1)/(-7) - 1)?
3
Suppose 0 = -3*x - 0*x + 3*w + 42, -3*x = w - 38. What is the remainder when 127 is divided by x?
10
Suppose 0 = 5*t - 0*t + 20, -o = -5*t - 42. Calculate the remainder when 82 is divided by o.
16
Let h be (20/(-16))/(2/(-8)). Suppose -5 = -h*k - 3*v + 164, 4*k = -4*v + 140. Calculate the remainder when k is divided by 33/2 + (-2)/(-4).
15
Suppose 743 = 3*n + r + 88, -3*n = 2*r - 656. What is the remainder when n is divided by 3?
2
What is the remainder when 272 is divided by (-10)/(-12) - (1 - (-870)/(-36))?
8
Let f = -279 - -589. Calculate the remainder when f is divided by 12.
10
Suppose 39*a = 34*a + 215. What is the remainder when a is divided by 22?
21
Let b(p) = p**3 - 6*p**2 + 3*p + 10. Let t be b(5). Suppose -4*f = -t*f - 308. Calculate the remainder when f is divided by 20.
17
Let p(n) = -27*n**2 - 4*n - 3. Let r be p(-1). Let a = -13 - r. Let f(g) = g**3 - 2*g**2 + 4*g. What is the remainder when f(4) is divided by a?
9
Let h = 9 + -4. Suppose -h*s + 639 - 229 = 0. Calculate the remainder when s is divided by 21.
19
Suppose 57 = 46*z - 43*z. What is the remainder when ((-184)/1)/(-2) - -1 is divided by z?
17
Suppose -i + 6 = 3*y, -y - 2*i + 2 - 5 = 0. Suppose y = 3*o - 2*o. What is the remainder when 4 is divided by o?
1
Let u(v) = 0*v + 1 + 1 - 5*v - v**2. Let r be (-1 - 0)/(36/144). What is the remainder when 15 is divided by u(r)?
3
Let c(q) = 6*q - 3. Let k(h) = 11*h - 7. Let y(g) = -7*c(g) + 4*k(g). Calculate the remainder when 50 is divided by y(10).
11
Suppose -5 = 5*y + 10. Let i(u) be the first derivative of u**4/4 + 5*u**3/3 + 3*u**2 + 5*u + 32. What is the remainder when 14 is divided by i(y)?
4
Let x(u) = -u**3 + 14*u**2 + 14*u + 33. Let d = 22 - 15. What is the remainder when x(15) is divided by d?
4
Suppose -2*r + 119 = 31. Let x(m) = 5*m**2 + 9*m + 14. What is the remainder when r is divided by x(-2)?
12
Let q(u) = 12*u**2 + 12*u - 11. Let b = -45 - -94. What is the remainder when b is divided by q(1)?
10
Suppose -5*t - 3*d = -8*t + 522, 3*d = 2*t - 343. Suppose 176*y - t*y = -198. Calculate the remainder when y is divided by 12.
6
Let l(m) = m**3 + 6*m**2 - 6*m. Let i be l(-6). Suppose 0 = 5*n - 9*n + i. What is the remainder when 12 is divided by n?
3
Suppose 5*i - i - 104 = 0. Suppose 6*b = h + b - 16, -h + i = 5*b. Calculate the remainder when h is divided by 11.
10
Let r = 542 - 509. What is the remainder when 131 is divided by r?
32
What is the remainder when 22 is divided by 4 + 1 - (12 + -20)?
9
Suppose b - 2 = 2*x + 17, -4 = x. What is the remainder when 163 is divided by b?
9
Suppose 0 = 4*k - 4, 0*r + r - k = 33. Suppose -r*m + 16 = -33*m. What is the remainder when 62 is divided by m?
14
What is the remainder when 3408/14 + (-48)/112*1 is divided by 113?
17
Let u = -250 + 288. Let s(n) = n**3 + 3*n**2 - 7*n - 2. Let j be s(-5). Let w = -7 - j. Calculate the remainder when u is divided by w.
8
Suppose -10 = 2*m, -3*m = -0*l - 2*l + 33. Suppose 3*t + l = 39. Let x = t - -3. What is the remainder when x is divided by 7?
6
Let z(c) be the second derivative of -c**3/6 + 5*c**2/2 + 2*c. What is the remainder when -118*2/(-12) + 28/84 is divided by z(-6)?
9
Let z = -1 + 2. Let w(o) = -o + 31. Let q be w(18). Suppose 2 = 5*a - q. What is the remainder when a is divided by z?
0
Suppose -85 = -4*u + 95. Let z = u - 30. Calculate the remainder when 57 is divided by z.
12
Let n(s) = s + 12. Let f be n(-5). Let l(y) be the first derivative of -y**2 + 21*y + 2. What is the remainder when 24 is divided by l(f)?
3
Let z = -667 - -718. What is the remainder when z is divided by 11?
7
Let p = 11 + -7. Let g be 2/(-4)*(-5*17 - 3). Suppose 2*a - g = -9*a. Calculate the remainder when p is divided by a.
0
Suppose 0 = 8*z - 6*z - 20. Suppose w = 2*w + 2. Let c(m) = -16*m - 3. Calculate the remainder when c(w) is divided by z.
9
Suppose 316 = 4*b + 5*x, 3*b - 3*x + 2*x - 237 = 0. Calculate the remainder when b is divided by 20.
19
Let w = -29 + 37. Suppose 2*u = -w*y + 3*y + 574, -u = 2*y - 230. Suppose 5*m - 8*m = -y. Calculate the remainder when m is divided by 13.
12
Let u(b) = 115*b + 591. What is the remainder when 81 is divided by u(-5)?
1
Let h = 28 + 32. Let m(t) = -h + 6*t + 31 - t. What is the remainder when 30 is divided by m(9)?
14
Let d = -67 + 70. What is the remainder when 64 is divided by (1/d)/(10/540)?
10
Suppose -86 = 5*a - 3*r - 381, 2*r = -5*a + 320. Let l be ((-2)/(-5))/((-18)/(-1935)). Let z = a - l. What is the remainder when 36 is divided by z?
17
Let o = -152 + 185. What is the remainder when 163 is divided by o?
31
Suppose -2*y + 2*t + 2*t - 6 = 0, -y - 28 = 3*t. Let x = -9 + y. What is the remainder when 97 is divided by ((-11)/x)/(2/132)?
31
Let f(s) = 2*s**3 - 63*s**2 - 27*s - 124. What is the remainder when 105 is divided by f(32)?
33
Let n(y) = 2*y**2 + 50*y - 212. What is the remainder when n(-31) is divided by 77?
6
Let y = -8 + 2. Let o(r) = -r**2 - 5*r + 8. Let m = 174 + -166. What is the remainder when m is divided by o(y)?
0
Suppose 0 = 3*w - 11 + 35. Let h(s) = -s - 13. Let a be h(w). Let q = a - -12. What is the remainder when 12 is divided by q?
5
Let s(y) be the first derivative of -y**3/3 + 51*y - 3. Let q be s(0). Suppose 4*g = g + q. Calculate the remainder when g is divided by 6.
5
Suppose 27*i - 10 = 26*i. Calculate the remainder when i is divided by 1.
0
Let l = -203 - -225. What is the remainder when 43 is divided by l?
21
Let w = -1514 + 1534. Suppose -71 + 242 = 3*g. Calculate the remainder when g is divided by w.
17
Let u(c) = -12*c**2 - 1. Let t be u(1). Let i be (-5720)/(-660)*(1 + -2 - -7). Let v = t + i. What is the remainder when v is divided by 11?
6
Suppose 0 = -z + 5*s + 127, -4*z + 17*s + 492 = 13*s. Calculate the remainder when z is divided by 32.
26
Let g be 7980/40*2/3. Suppose -8*t + g = 21. Calculate the remainder when 24 is divided by t.
10
Suppose -3*r - 100 = -s + r, -5*s + 5*r + 530 = 0. Suppose 2*t + s = 11*t. What is the remainder w